u) be the second derivative of u**5/20 + u**4/3 - u**3/6 - u**2 - 26*u. Let p be x(-4). Suppose 0 = p*c - 1788 - 434. Is c a prime number?
False
Suppose 3*i = -m + 10, 0 = -5*m - 9*i + 5*i + 50. Suppose 2*u = m*u - 1880. Is u a prime number?
False
Suppose -35702 - 53850 = -29*b. Let d = -1035 + b. Is d composite?
False
Suppose -2*n + 6*b - 4*b = 30, 4*n = 5*b - 65. Is (-4205)/n*-1*(1 - 3) a prime number?
False
Let t be (1309/(-88))/((-4)/32). Let h(z) = z**3 + z**2 - z + 1676. Let y be h(0). Let m = y + t. Is m composite?
True
Suppose 3*m - 22868 + 3529 = -5*z, -32237 = -5*m - 3*z. Suppose -2*a - m = -18242. Is a a composite number?
False
Let r(w) = 17*w**2 + 44*w + 192. Is r(37) a composite number?
True
Let b(s) = 6*s - 5. Let n be b(-3). Let f = n - -25. Is f*(-15)/20*586/(-3) a composite number?
False
Is 1387995/5 + 11 + 11 prime?
False
Let u be 101/(-1) + -6*(4 - 5). Is 245424/5 + 1 + (-114)/u prime?
False
Let d(f) = 267*f**2 - 23*f - 32. Let r be d(-7). Suppose r = 2*a - 2*n, -4*a + 7*a - 19836 = -3*n. Is a prime?
False
Suppose -1517327 = -41*t - 185278. Is t composite?
True
Suppose -14446857 - 15552993 = -30*d. Is d composite?
True
Let y be (-24)/(-15) + 2/5 + 118. Let l be (y/(-36))/(2/(-16398)). Suppose -2*t + l = 13*t. Is t prime?
False
Let b(u) = 17*u**2 - 6*u + 22. Let h be b(-12). Suppose 0 = 4*o + 3*n - 0*n - 2546, h = 4*o + n. Is o prime?
False
Let u = -4 - -5. Let q = 1 - u. Suppose 0 = 3*m - 2*s - 549, m - 2*m + 5*s + 170 = q. Is m a prime number?
False
Suppose -7*n + 47 = 19. Suppose 56 = n*i - 836. Is i a composite number?
False
Let j = 198 - 165. Suppose -41*v = -j*v - 16216. Is v a composite number?
False
Let x = 54 - 54. Suppose x = -7*w + 12258 + 9274. Suppose j - w = -3*j. Is j a prime number?
True
Suppose -30*p = 118 + 32. Let l = 19404 + 9420. Is (-1)/(l/(-5764) - p) prime?
False
Suppose w = 6*w - 20, 4*h - 326160 = -3*w. Is h a prime number?
False
Let a = 315036 - 217958. Let g = -55427 + a. Is g composite?
False
Suppose 0 = -3*m + 446833 + 995129. Suppose 43*r - 82861 - m = 0. Is r a composite number?
True
Suppose -66 - 15 = -3*c. Let z(y) = -18 - c + 7*y + 8. Is z(8) a prime number?
True
Let w = 25 - 23. Let j(r) = -1567*r - w + 3 + 307*r. Is j(-1) a composite number?
True
Let r be (-69080)/(-25) - 4/20. Suppose -548 = 5*d - r. Is d composite?
False
Let l be (46 - 52) + 3*1. Let y be -3 + (-6)/(-4)*-598. Is (8/(-3) - l)*3 - y composite?
True
Suppose 2 = x - 29. Suppose -x + 11 = -4*j. Suppose -j*t = 4*t - 5895. Is t a prime number?
False
Let v = 100312 - -871597. Is v composite?
True
Let i(g) = -32029*g + 519. Is i(-6) composite?
True
Suppose 14*g = 63687 - 15989. Suppose 3*t = 2*t + g. Is t composite?
False
Let w(s) = -s**2 - 10*s - 18. Let m be w(-7). Suppose 3029 = 4*h + m*x, -6*h - 5*x + 1525 = -4*h. Suppose 0 = -2*a + 3347 + h. Is a a prime number?
False
Let u = -2185 + 19602. Suppose 7*v - u = 43182. Is v composite?
True
Let w = -34 - -85. Let b = 51 - w. Suppose k + 7*k - 3576 = b. Is k a prime number?
False
Suppose -4*n - 63 = 33. Let o = 28 + n. Suppose 2*j + 2*j - 2946 = -2*z, 4*z - 5876 = -o*j. Is z a composite number?
True
Suppose -3*l - 2*l + 28 = -3*d, -4*d + 48 = 4*l. Let c be 759 - (9 + (1 - 2)). Suppose -7*u + l*u = c. Is u a prime number?
True
Suppose 2*h + 5145 = -3051. Let q = h + 8579. Is q a composite number?
False
Suppose -3*w + 85 = 2*t + 13, 4*w = 2*t + 110. Suppose 5*g + 6 = w. Suppose 5*k - 90 = -5*j, 5*j - 64 = -3*k - g. Is k a composite number?
True
Let q be (1 - 3/6)*(-10 + 6). Is (q + 1 + 0)/(26/(-30862)) a prime number?
True
Suppose -460*m + 674280810 = -334*m. Is m a prime number?
False
Suppose -4*m = -188118 - 565886. Is m composite?
True
Let w(c) = -152*c**3 + 2 + 3*c - 255*c**3 + 3 - c**2. Is w(-2) a composite number?
False
Let l(p) = p**2 - 4*p - 2. Let k be l(5). Let f = 771 - -574. Suppose -k*b = 2*b - f. Is b a prime number?
True
Let p be (-3 - 0)/((-1)/(-1601)). Let g = -1346 - p. Is g composite?
False
Let b(j) = j**2 + 16*j + 33. Let c be b(-14). Suppose 5*n = c*r + 1 - 6, 3*r - 15 = -n. Suppose 2*z - 5*t = 4641, 9352 = r*z - 0*z + 4*t. Is z a prime number?
True
Suppose -13*r = -6731 - 4202. Let x = r - 124. Is x a composite number?
True
Let s(k) = -72*k + 1. Let q be s(-6). Let v(x) = 6*x**3 - 6*x**2 + 14*x + 46. Let l be v(-2). Let a = q - l. Is a prime?
True
Let x = 1009 + -68. Let k = -1173 - x. Is (-4)/10 - k/10 prime?
True
Suppose -x - o = -8 - 2, -5*x - 2*o = -35. Suppose 0 = 3*k - 4894 + 1381. Suppose -x*l + k = -3319. Is l prime?
False
Suppose 3*u = 5*u - 3*r + 188, -4*u - 372 = -5*r. Let q = 91 + u. Suppose -5*s + 1150 = -3*l, -3*s + q*l + 0*l = -684. Is s a prime number?
True
Suppose 15*l = 6*l + 30510. Suppose -9*g = -3756 - l. Let n = g - -1421. Is n prime?
False
Let q = -580 + 580. Suppose q = 7*k - 10*k + 9489. Is k a composite number?
False
Suppose -2*j + 2051036 = -j + 5*l, 2*l = -3*j + 6153121. Is j prime?
True
Let w(r) = -25*r**3 + 10*r**2 - 3*r + 29. Let i be w(-10). Suppose 1754 - i = -5*c. Is c a prime number?
True
Suppose -5*s = -4*o + 5*o - 320072, 960236 = 3*o - 5*s. Is o a composite number?
True
Let l(q) = q**2 + 13*q + 27. Let w be l(-11). Suppose x = -w*n + 3*x + 23971, n + 2*x = 4799. Suppose 16*z = 21*z - n. Is z a composite number?
True
Suppose 2*b - 187851 = -c, -5*c + 768000 = -4*b - 171325. Is c composite?
False
Suppose 4*h - 14 = 6. Let v = -2979 - -2979. Suppose -h*s - 5*t + 3510 = v, -s + 4*s = 4*t + 2071. Is s composite?
True
Suppose -2313 = 7*i - 234062. Is i prime?
True
Let t(c) = 3480*c + 377. Is t(10) composite?
True
Let q = -4194 - -10675. Let v = 10872 - q. Is v a composite number?
False
Suppose 53*v - 56*v + d = -473511, -15 = -5*d. Is v composite?
True
Suppose 42 = 7*s - 35. Suppose -5*q = 4*t - 5459, s*t - 6820 = 6*t - 5*q. Is t prime?
True
Let q = -38 - -48. Suppose 4*v + q = -s, -v - 18 = 3*v - 3*s. Is 1 + 6/v*-161 + -2 composite?
True
Suppose -4*v = -4*q + 8, 2*v - 1 - 4 = -q. Suppose 2*r = 3*o + 149, q*r + o - 156 - 95 = 0. Let f = r + 397. Is f a composite number?
False
Let o(m) = -2*m - 18. Let y be o(-12). Suppose 0 = -3*j + 3*z + 32331, -21548 = 4*j - y*j + 5*z. Is j a composite number?
True
Let v be ((-11)/(-33))/((-1)/(-15)). Suppose 0 = 5*q - l - 3483 + 64, -5*l + 3395 = v*q. Is q a prime number?
True
Let c(r) be the first derivative of 7*r**2/2 + 19*r + 5. Let z be c(-5). Is 2*(-4)/z*502 a prime number?
True
Let n(j) = j + 22. Let k be n(-17). Let t(y) = -18*y**2 - 2*y - 3. Let g be t(k). Let v = g - -2940. Is v a composite number?
False
Suppose -7*w - 157 = 88. Let k = w - -45. Let j(p) = 16*p + 25. Is j(k) prime?
False
Let z = 306 + -306. Suppose z = -4*x - 9*x + 30173. Is x a prime number?
False
Let g be 40/((-25)/(-5)) + -5. Let z(f) = -f**2 + 6*f - 7. Let p be z(g). Suppose 0 = y - m - 1923, p*y - 2*m + 4*m = 3838. Is y prime?
False
Let i be (-589)/(-133) - (-4)/7. Suppose -h + 21476 = i*o + 2327, -4*o + 15320 = h. Is o a prime number?
False
Is (-22)/77 + ((-3791822)/(-21) - 5/(-15)) a prime number?
True
Let q(w) = -11473*w - 56. Let a be q(-1). Suppose -a = -b - 570. Is b a composite number?
False
Suppose -22*b + 41*b - 57 = 0. Suppose -2*r - i + 86420 = -b*i, -4*r = i - 172825. Is r a prime number?
True
Let x be (-2)/(-3) + -1 + 318544/12. Suppose -v + 6*v - x = 0. Is v composite?
False
Let a = -160 - -154. Let n(s) = -2*s**3 + 4*s**2 + 9*s + 7. Is n(a) a prime number?
False
Let s(b) = 187*b - 122. Let n(v) = -v**2 + 5*v + 49. Let x be n(9). Is s(x) a composite number?
False
Let v(l) = -2*l - 6. Let x = 7 - 9. Let s be v(x). Is 6*(-865)/(-10) + s + 2 a composite number?
True
Suppose m = 2*m + 531. Let a = -288 - m. Suppose -5*l - 516 = -2*x, -x - 7*l + a = -2*l. Is x a prime number?
False
Let i be -2 + (-3)/(-12) + (-36)/16. Let a be (-5 + (-6 - i))*22/(-7). Suppose -a*f + 16760 = -2*f. Is f a prime number?
False
Let a(f) = -5*f**3 - 2*f**2 - f + 1. Let y(j) = -j**2 + 11*j - 11. Let g be y(10). Let w be a(g). Suppose -2*l - 2007 = -w*l. Is l composite?
True
Suppose 3*j = v + 30296, 0 = -j - 4*j - 3*v + 50484. Suppose i - 4*i + j = 0. Let o = -2257 + i. Is o prime?
True
Let c(m) = -3*m**2 + 18*m - 4. Let f be c(6). Let h be (f - 0)/(6/(-2283)). Suppose 1911 = 5*p - 3*k, k - h = -3*p - p. Is p composite?
Tr